11, 61
What are the prime factors of 3385?
5, 677
What are the prime factors of 105?
3, 5, 7
List the prime factors of 1495.
5, 13, 23
What are the prime factors of 387?
3, 43
What are the prime factors of 154?
2, 7, 11
List the prime factors of 8648.
2, 23, 47
What are the prime factors of 95348?
2, 11, 197
What are the prime factors of 19643?
13, 1511
List the prime factors of 8060.
2, 5, 13, 31
What are the prime factors of 73500?
2, 3, 5, 7
List the prime factors of 4490.
2, 5, 449
List the prime factors of 7966.
2, 7, 569
List the prime factors of 1303.
1303
List the prime factors of 47264.
2, 7, 211
List the prime factors of 6114.
2, 3, 1019
List the prime factors of 5584.
2, 349
What are the prime factors of 3369?
3, 1123
What are the prime factors of 3170?
2, 5, 317
What are the prime factors of 51078?
2, 3, 8513
What are the prime factors of 246?
2, 3, 41
List the prime factors of 9.
3
List the prime factors of 12327.
3, 7, 587
List the prime factors of 6575.
5, 263
List the prime factors of 24689.
7, 3527
What are the prime factors of 104150?
2, 5, 2083
What are the prime factors of 11350?
2, 5, 227
List the prime factors of 4832.
2, 151
What are the prime factors of 1651?
13, 127
List the prime factors of 1856.
2, 29
List the prime factors of 7886.
2, 3943
List the prime factors of 1729.
7, 13, 19
List the prime factors of 25137.
3, 7, 19
List the prime factors of 909.
3, 101
List the prime factors of 9796.
2, 31, 79
What are the prime factors of 13794?
2, 3, 11, 19
List the prime factors of 1280.
2, 5
List the prime factors of 5068.
2, 7, 181
List the prime factors of 101754.
2, 3, 5653
List the prime factors of 1274.
2, 7, 13
List the prime factors of 110322.
2, 3, 227
What are the prime factors of 903?
3, 7, 43
What are the prime factors of 41705?
5, 19, 439
List the prime factors of 64090.
2, 5, 13, 17, 29
What are the prime factors of 603?
3, 67
List the prime factors of 1275.
3, 5, 17
What are the prime factors of 908?
2, 227
List the prime factors of 867.
3, 17
What are the prime factors of 29894?
2, 14947
What are the prime factors of 2903?
2903
What are the prime factors of 378?
2, 3, 7
What are the prime factors of 5865?
3, 5, 17, 23
What are the prime factors of 8781?
3, 2927
List the prime factors of 1717.
17, 101
List the prime factors of 98684.
2, 24671
What are the prime factors of 4684?
2, 1171
List the prime factors of 4684.
2, 1171
What are the prime factors of 1310?
2, 5, 131
List the prime factors of 9688.
2, 7, 173
List the prime factors of 19767.
3, 11, 599
What are the prime factors of 1202?
2, 601
What are the prime factors of 6794?
2, 43, 79
What are the prime factors of 16378?
2, 19, 431
List the prime factors of 190.
2, 5, 19
List the prime factors of 533.
13, 41
List the prime factors of 2093.
7, 13, 23
List the prime factors of 29369.
43, 683
List the prime factors of 1862.
2, 7, 19
List the prime factors of 19589.
19, 1031
What are the prime factors of 3278?
2, 11, 149
What are the prime factors of 47341?
7, 6763
List the prime factors of 387.
3, 43
What are the prime factors of 270?
2, 3, 5
What are the prime factors of 594?
2, 3, 11
List the prime factors of 581.
7, 83
List the prime factors of 2642.
2, 1321
List the prime factors of 21010.
2, 5, 11, 191
What are the prime factors of 21762?
2, 3, 13, 31
What are the prime factors of 8274?
2, 3, 7, 197
List the prime factors of 30146.
2, 15073
What are the prime factors of 1530?
2, 3, 5, 17
What are the prime factors of 9300?
2, 3, 5, 31
What are the prime factors of 24?
2, 3
List the prime factors of 125356.
2, 7, 11, 37
What are the prime factors of 7469?
7, 11, 97
List the prime factors of 3195.
3, 5, 71
What are the prime factors of 674?
2, 337
List the prime factors of 24241.
7, 3463
List the prime factors of 13429.
13, 1033
What are the prime factors of 11137?
7, 37, 43
What are the prime factors of 19485?
3, 5, 433
List the prime factors of 5298.
2, 3, 883
What are the prime factors of 4973?
4973
List the prime factors of 1028.
2, 257
What are the prime factors of 7492?
2, 1873
List the prime factors of 9703.
31, 313
List the prime factors of 13272.
2, 3, 7, 79
What are the prime factors of 46965?
3, 5, 31, 101
List the prime factors of 784.
2, 7
List the prime factors of 2593.
2593
What are the prime factors of 989?
23, 43
List the prime factors of 30190.
2, 5, 3019
List the prime factors of 36669.
3, 17, 719
What are the prime factors of 23244?
2, 3, 13, 149
List the prime factors of 730.
2, 5, 73
What are the prime factors of 130?
2, 5, 13
List the prime factors of 1374.
2, 3, 229
What are the prime factors of 104914?
2, 52457
List the prime factors of 115.
5, 23
List the prime factors of 1912.
2, 239
List the prime factors of 8438.
2, 4219
List the prime factors of 767.
13, 59
List the prime factors of 390.
2, 3, 5, 13
List the prime factors of 32715.
3, 5, 727
List the prime factors of 16745.
5, 17, 197
What are the prime factors of 2413?
19, 127
What are the prime factors of 381?
3, 127
List the prime factors of 6629.
7, 947
What are the prime factors of 110831?
7, 71, 223
List the prime factors of 55713.
3, 7, 379
List the prime factors of 1809.
3, 67
List the prime factors of 4398.
2, 3, 733
What are the prime factors of 1080?
2, 3, 5
List the prime factors of 8568.
2, 3, 7, 17
What are the prime factors of 417?
3, 139
List the prime factors of 2587.
13, 199
List the prime factors of 1871.
1871
What are the prime factors of 19856?
2, 17, 73
List the prime factors of 55070.
2, 5, 5507
What are the prime factors of 10357?
10357
What are the prime factors of 52333?
59, 887
What are the prime factors of 3959?
37, 107
List the prime factors of 2543.
2543
List the prime factors of 56893.
56893
List the prime factors of 55101.
3, 18367
What are the prime factors of 567?
3, 7
List the prime factors of 2394.
2, 3, 7, 19
What are the prime factors of 16179?
3, 5393
List the prime factors of 23848.
2, 11, 271
List the prime factors of 21951.
3, 271
What are the prime factors of 4907?
7, 701
What are the prime factors of 7202?
2, 13, 277
What are the prime factors of 50071?
7, 23, 311
What are the prime factors of 174?
2, 3, 29
List the prime factors of 11907.
3, 7
What are the prime factors of 139280?
2, 5, 1741
List the prime factors of 13101.
3, 11, 397
What are the prime factors of 5202?
2, 3, 17
What are the prime factors of 253?
11, 23
List the prime factors of 1020.
2, 3, 5, 17
List the prime factors of 4384.
2, 137
What are the prime factors of 19877?
11, 13, 139
List the prime factors of 52047.
3, 5783
List the prime factors of 6439.
47, 137
What are the prime factors of 4839?
3, 1613
What are the prime factors of 1243?
11, 113
List the prime factors of 1828.
2, 457
List the prime factors of 161.
7, 23
What are the prime factors of 10332?
2, 3, 7, 41
What are the prime factors of 6353?
6353
What are the prime factors of 1512?
2, 3, 7
What are the prime factors of 1319?
1319
What are the prime factors of 5190?
2, 3, 5, 173
List the prime factors of 34315.
5, 6863
What are the prime factors of 1320?
2, 3, 5, 11
What are the prime factors of 712?
2, 89
List the prime factors of 54041.
13, 4157
List the prime factors of 15378.
2, 3, 11, 233
What are the prime factors of 8414?
2, 7, 601
What are the prime factors of 1734?
2, 3, 17
What are the prime factors of 1905?
3, 5, 127
List the prime factors of 6360.
2, 3, 5, 53
What are the prime factors of 26031?
3, 8677
List the prime factors of 34682.
2, 17341
What are the prime factors of 4732?
2, 7, 13
List the prime factors of 821.
821
List the prime factors of 3079.
3079
List the prime factors of 2964.
2, 3, 13, 19
List the prime factors of 1907.
1907
List the prime factors of 3203.
3203
List the prime factors of 65702.
2, 7, 13, 19
What are the prime factors of 2703?
3, 17, 53
List the prime factors of 7059.
3, 13, 181
List the prime factors of 9429.
3, 7, 449
List the prime factors of 44447.
13, 263
What are the prime factors of 1392?
2, 3, 29
List the prime factors of 170447.
170447
What are the prime factors of 756?
2, 3, 7
List the prime factors of 15384.
2, 3, 641
What are the prime factors of 28686?
2, 3, 7, 683
What are the prime factors of 3519?
3, 17, 23
What are the prime factors o